{"id":41,"date":"2015-05-12T15:39:27","date_gmt":"2015-05-12T13:39:27","guid":{"rendered":"http:\/\/dwdu.bplaced.net\/wp\/?page_id=41"},"modified":"2024-03-11T17:46:22","modified_gmt":"2024-03-11T16:46:22","slug":"vorstand","status":"publish","type":"page","link":"https:\/\/dwdu.de\/?page_id=41","title":{"rendered":"Vorstand"},"content":{"rendered":"<h4>Die tun was&#8230;<\/h4>\n<p>Dem Vorstand obliegt die F\u00fchrung der laufenden Gesch\u00e4fte des Vereins und hat die Tr\u00e4gerfunktion f\u00fcr die Kindertagesst\u00e4tte.<\/p>\n<p>Der Vorstand als Vertreter der Tr\u00e4gerinteressen hat darauf zu achten, dass die wirtschaftlichen Interessen des Vereins gewahrt werden und die Rechtsbeziehungen verl\u00e4sslich sind. So ist es auch Aufgabe des Vorstandes, Impulse, Str\u00f6mungen aber auch St\u00f6rungen innerhalb der Einrichtung wahrzunehmen. Letztendlich ist er daf\u00fcr verantwortlich, dass Prozesse in der Einrichtung in Gang kommen, die dazu f\u00fchren sollen, anstehende Fragen zu beantworten und wahrnehmbare Probleme zu l\u00f6sen.<\/p>\n<p>Die Besonderheit in Elterninitiativen ist, dass Eltern zum einen als Mitglieder des Vereins Entscheidungen gem\u00e4\u00df der Satzung treffen und als gew\u00e4hlte Vorstandsmitglieder die laufenden Gesch\u00e4fte des Vereins f\u00fchren. Zum anderen sind sie in der Regel als Eltern ihres Kindes Ansprechpartner f\u00fcr die MitarbeiterInnen in Erziehungsfragen und gleichzeitig Mitglied der Elternversammlung und evtl. gew\u00e4hlte Elternvertreter. Diese Rollenvielfalt bedarf der besonderen Beachtung: Es muss immer gepr\u00fcft werden, in welcher Funktion und auf welcher Ebene mit welchen Kompetenzen Entscheidungen zu treffen bzw. zu beraten sind.<\/p>\n<p>Wir w\u00fcnschen uns&#8230;<br \/>\nIhre Offenheit und Motivation, selbst aktiv zum Gelingen des Kindergartenalltags und dessen H\u00f6hepunkten beizutragen; dass Sie ihren Einsatz nicht als l\u00e4stige Pflicht empfinden, sondern darin die Chance sehen, ihr Kind in einem anderen Lebensbereich kennen zu lernen, seine Freude und Entwicklung darin zu unterst\u00fctzen und soziale Kontakte zu kn\u00fcpfen. Wir sehen darin die Ann\u00e4herung der Lebensbereiche Familie und Kindergarten und damit eine F\u00f6rderung der Erziehung unserer Kinder.<\/p>\n<p>Der Vorstand<\/p>\n","protected":false},"excerpt":{"rendered":"<p>Die tun was&#8230; Dem Vorstand obliegt die F\u00fchrung der laufenden Gesch\u00e4fte des Vereins und hat die Tr\u00e4gerfunktion f\u00fcr die Kindertagesst\u00e4tte. Der Vorstand als Vertreter der Tr\u00e4gerinteressen hat darauf zu achten, dass die wirtschaftlichen Interessen des Vereins gewahrt werden und die Rechtsbeziehungen verl\u00e4sslich sind. So ist es auch Aufgabe des Vorstandes, Impulse, Str\u00f6mungen aber auch St\u00f6rungen &hellip; <a href=\"https:\/\/dwdu.de\/?page_id=41\" class=\"more-link\">Weiterlesen <span class=\"screen-reader-text\">Vorstand<\/span><\/a><\/p>\n","protected":false},"author":1,"featured_media":0,"parent":39,"menu_order":0,"comment_status":"closed","ping_status":"open","template":"page-templates\/full-width-page.php","meta":{"footnotes":""},"class_list":["post-41","page","type-page","status-publish","hentry","without-featured-image"],"_links":{"self":[{"href":"https:\/\/dwdu.de\/index.php?rest_route=\/wp\/v2\/pages\/41","targetHints":{"allow":["GET"]}}],"collection":[{"href":"https:\/\/dwdu.de\/index.php?rest_route=\/wp\/v2\/pages"}],"about":[{"href":"https:\/\/dwdu.de\/index.php?rest_route=\/wp\/v2\/types\/page"}],"author":[{"embeddable":true,"href":"https:\/\/dwdu.de\/index.php?rest_route=\/wp\/v2\/users\/1"}],"replies":[{"embeddable":true,"href":"https:\/\/dwdu.de\/index.php?rest_route=%2Fwp%2Fv2%2Fcomments&post=41"}],"version-history":[{"count":2,"href":"https:\/\/dwdu.de\/index.php?rest_route=\/wp\/v2\/pages\/41\/revisions"}],"predecessor-version":[{"id":819,"href":"https:\/\/dwdu.de\/index.php?rest_route=\/wp\/v2\/pages\/41\/revisions\/819"}],"up":[{"embeddable":true,"href":"https:\/\/dwdu.de\/index.php?rest_route=\/wp\/v2\/pages\/39"}],"wp:attachment":[{"href":"https:\/\/dwdu.de\/index.php?rest_route=%2Fwp%2Fv2%2Fmedia&parent=41"}],"curies":[{"name":"wp","href":"https:\/\/api.w.org\/{rel}","templated":true}]}}